 - 108 = 0. Is w a prime number?
False
Let h(n) = -n - 5. Let b be h(-4). Let r be (0/2)/(1/b). Let p(l) = l**2 + l + 55. Is p(r) a composite number?
True
Let d(x) = 12*x**2 + 9*x. Let k be d(-6). Let f = 1165 - k. Is f composite?
False
Is 819610/(-25)*75/(-30) a composite number?
True
Is 1*-1 - (14*-944 - 8) a composite number?
True
Suppose 4*x + 5*q - 47658 = 0, 135*q - 11909 = -x + 131*q. Is x a prime number?
False
Let u(j) = j**3 - 8*j**2 - 10*j + 27. Let w be u(9). Let n(a) = -a**2 + 25*a + 5. Is n(w) a prime number?
True
Let k(d) = d**2 - 18*d + 20. Let g be k(17). Suppose -g*n = -2*i - 495, -60 = -n - 5*i + 88. Is n a prime number?
True
Suppose 0 = 2*f - 1 - 5. Let y be 4456/36 - 2/(-9). Let u = f + y. Is u a prime number?
True
Suppose 0 = 4*m - 0 - 8. Suppose 0 = m*z - 10 + 4. Is (-1 + z)*(-1 - -3) composite?
True
Suppose -y - 1314 = 29. Let k = y + 3738. Is k a prime number?
False
Let b(l) = -5*l**3 - 2*l - 1. Let m be b(-1). Is 1/(-2) + (m - 189/(-14)) a prime number?
True
Suppose 11*m - 1137 = 689. Is m prime?
False
Is (-4)/(-26) + (-5)/(-52)*116260 prime?
False
Is (2*10118/(-6))/((-66)/99) a composite number?
False
Let d(l) = -l**3 - 8*l**2 + 8*l - 5. Let n be d(-9). Let g(k) = -k**2 + 5*k + 2. Let v be g(n). Is 281/v - (-8)/48 a composite number?
False
Let c be -10 - -1 - -8*1/2. Let d(v) be the third derivative of v**5/10 - v**4/24 + 2*v**3/3 + 2*v**2. Is d(c) prime?
False
Let b(v) = v**2 - 7*v - 6. Let s be b(8). Suppose -4*t - 2*p - 43 = -135, -s*t + 3*p + 46 = 0. Suppose 441 = 2*m + t. Is m a composite number?
True
Let v(n) = -n**2 - 12*n - 7. Let x(l) = l. Let z(i) = v(i) - 5*x(i). Suppose 0*d - 5*m - 63 = 4*d, 0 = 3*d + 3*m + 45. Is z(d) a composite number?
False
Let z(r) = r**3 + 3*r**2 - r. Let y be z(-3). Suppose -10 + 19 = y*n. Suppose 6*g = n*g + 537. Is g a composite number?
False
Is 12 + (-5)/1 + 8772 a prime number?
True
Suppose 8 = d + d. Suppose -18 = -d*y + 2*y. Is 889*(-3)/y*-3 a prime number?
False
Suppose 29*c = -v + 24*c + 11631, 4 = -2*c. Is v composite?
True
Let b = 462 - -1065. Let u = -1133 - -2209. Let d = b - u. Is d prime?
False
Let p(u) = 42*u**2 + 2*u - 69. Is p(7) a composite number?
False
Suppose 4 = -c - 2*m + 12, -13 = c - 5*m. Suppose -x = -k - 708, 2*x - 51 = -c*k + 1345. Is x prime?
False
Let u be (34/6)/((-14)/42). Let c = u + 16. Is 4 + (85/c)/(-1) a prime number?
True
Let t(s) = -s**2 + 2*s - 3. Let g be t(2). Is (-379)/(3*1/g) prime?
True
Let u = 741 + 33. Is (-3)/5 - u/(-15) a composite number?
True
Suppose -16*i + 21747 = -5*i. Is i composite?
True
Let u = -69 + 69. Suppose u = 15*q - 14*q - 1117. Is q composite?
False
Let m(l) = -l**3 + 54*l**2 - 18*l + 52. Is m(53) a composite number?
False
Suppose 2*m + 9 = -1. Let u be 5 + 1 + m - 2. Let s(y) = -154*y**3 - 3*y - 2. Is s(u) composite?
True
Suppose -4*u + 5*u = 4*u. Suppose -s + 1466 + 1829 = u. Is s a prime number?
False
Let k be -4 + 8 + (1 - 3). Is (-533)/(-2)*1/(k/4) prime?
False
Let r(d) = -14*d**3 + 6*d**2 + 7*d - 4. Let g(j) = -j**3 - 1. Let u(c) = -6*g(c) + r(c). Is u(-3) a prime number?
True
Suppose 3*h - 21*h = -194958. Is h prime?
True
Let c(i) = -103*i + 1. Let o be c(-3). Let y = o - 59. Is y a composite number?
False
Suppose 14*w = 16691 + 7977. Is w a composite number?
True
Let n(i) = 111*i**2 + 9*i + 10. Let z be n(-6). Suppose -2*f + 5*l + 1997 = 0, f = 5*f + 4*l - z. Is f a composite number?
False
Let b(y) = -109*y**3 - y**2 - 3*y - 5. Let i(m) = 3*m**3 - 2*m - 1. Let t be i(-1). Is b(t) a composite number?
True
Let q be (2*3/(-2))/1. Is 306 + 0/(-1) + q a prime number?
False
Is (88/(-32) - -3)*68980 prime?
False
Let a(x) = x + 5. Let l be a(0). Suppose -89 = -l*f + 2*f - 2*u, 94 = 3*f + u. Is f a composite number?
True
Let z(m) = -m + 14. Let o be z(14). Suppose 3*h + 4*r - 1506 = 0, o*h = -3*h - 5*r + 1506. Is h + -3 + 2 + -4 composite?
True
Suppose -u + 13 = 15. Let o be 3/6 + 19/u. Is (o/(-36))/(1/596) prime?
True
Let h = -41 - -246. Suppose -2*z = 8, 3*f - 2*z + h = -0*z. Let k = f - -150. Is k a composite number?
False
Let s = 51 - 33. Suppose 11 = -2*m - a, 7 = -4*m - 3*a - s. Is ((-109)/m)/((-2)/(-8)) composite?
False
Let q be (-4)/14 + 506/154. Suppose 0 = -0*d + d + m - 688, -1381 = -2*d - q*m. Is d prime?
True
Suppose -637 = t + 4*i, 4*t + 6*i - i + 2559 = 0. Let v = t + 2224. Is v a composite number?
False
Let j be (-30)/9*6/(-5). Let i = 3400 - 2283. Suppose 5*c + 1157 = j*h, 70 + i = 4*h + 5*c. Is h a prime number?
True
Let s(n) be the first derivative of -n**4/4 + 2*n**3/3 + 2*n + 1. Let z be s(2). Suppose 2*b - 85 - 35 = -z*g, -4*b + 12 = 0. Is g composite?
True
Let n be -3*(-2)/6 + -9. Let h be 160/(-9) + n/36. Is (-672)/h - (-1)/(-3) a prime number?
True
Suppose 669495 = -24*o + 39*o. Is o a composite number?
False
Let i = -3804 + 7104. Let r = 1 + 3. Suppose 0 = -m - r, m - i = -4*g - 3*m. Is g composite?
False
Let c = 29 + -25. Let z(m) = 15*m**2 + 13*m + 1. Is z(c) a composite number?
False
Suppose -6*y = -1437 - 1437. Let z = -336 + y. Is z composite?
True
Let a(l) = 2*l - 12. Let x be a(8). Suppose q = x*h + 8, 3 - 4 = -q - 3*h. Suppose -q*u + 116 = -616. Is u a composite number?
True
Let q(l) = 265*l - 11. Is q(4) a composite number?
False
Suppose -9*i = 36614 - 133931. Is i a composite number?
True
Suppose -12 = -3*g - 0*g. Suppose 0*s - 28575 = -3*j + 3*s, -5*s = g*j - 38118. Is j a prime number?
False
Let v = 18 + -30. Let r = -4 + v. Is 1820/16 + 12/r composite?
False
Let o(k) = -319*k**3 + 3*k**2 - 13*k - 36. Is o(-5) a composite number?
False
Let z(s) = -106*s - 5. Let v be z(-2). Suppose n - 2*n = -v. Suppose -h + 78 = -u + 265, u + 4*h = n. Is u a prime number?
True
Let w(d) = -368*d**3 - 11*d**2 - d + 27. Is w(-8) prime?
False
Let r(t) = t**2 + t + 7187. Is r(0) composite?
False
Let z = 104948 + -31951. Is z composite?
False
Let s = -2554 - -15035. Is s a composite number?
True
Let z = -6340 + 10187. Is z prime?
True
Let j be (1 + 5)/((-24)/(-36)). Is (79/3)/(3/j) a prime number?
True
Let h = -1155 - -2661. Let p(n) = 2*n + 8. Let m be p(-6). Is (-12)/18*h/m a prime number?
True
Suppose 4*m - 2*n = 24, 5*m - n = 3*n + 36. Suppose 0 = z - 4*z - 4*p + 1033, -m*z - 5*p + 1378 = 0. Is z prime?
True
Let f(l) = -l**3 - 3*l**2 + 1. Let v be f(-3). Is 1543/v*(2 - 1)/1 composite?
False
Let l(r) = 0*r**2 + 4*r - 5 + 11*r**2 - 2*r**2 - r**3. Is l(6) prime?
True
Let n = 56 + -57. Let g(r) = -286*r**3 + 3*r**2 - 2. Is g(n) a composite number?
True
Let g(b) = -9*b + 6. Suppose -2*d = -1 - 105. Suppose -d + 79 = -2*r. Is g(r) a prime number?
False
Let n be (-6)/51 + 536/(-68). Is -485*4/n*2 composite?
True
Let n be (-2)/(-1)*27/6. Is (-12575)/(-9) - 2/n composite?
True
Let i(o) = -o**3 + 9*o**2 - 11*o + 24. Let q be i(8). Suppose 3*c + 3 = q, -3*v = v - 4*c - 3520. Is v composite?
True
Let w = -7 - -6. Let c be -25*(w - (-26)/(-2)). Suppose 69 = n - c. Is n composite?
False
Let n = -21 + 37. Let p be (-1)/((n/20)/(-4)). Suppose -l - 1730 = -p*k, 3*k - 133 = -2*l + 918. Is k a prime number?
True
Let r be (5424 - -2) + 4/2. Suppose -4*c - 6*s + 2*s + r = 0, -4*c = -4*s - 5412. Is c a composite number?
True
Let n = -5385 - -8534. Is n composite?
True
Let s be 1/(-5) - 6516/20. Is s*(-9)/6*1 prime?
False
Let u be ((-128)/12)/((-1)/6). Is 5/(15/9) + u prime?
True
Let p(x) = 2*x**3 + 10*x**2 + 14*x + 7. Let m be p(10). Let q = 4489 - m. Suppose -5*w - 317 = -q. Is w a prime number?
False
Let s(z) = -z**3 + 2*z**2 + 7*z - 1. Let d(w) = -3*w**2 + w - 8. Let b be d(0). Is s(b) a prime number?
False
Suppose -7*s + 26172 = -137831. Is s composite?
True
Suppose 4*o - 37338 = -2*x, -5*o + 8*o = -4*x + 28001. Is o a prime number?
False
Let h(n) = -7*n**3 + n**2 - n. Let f(r) = -r**3. Let c(t) = 3*f(t) - h(t). Let v be c(1). Is (0 + -23)*(3 - v) a prime number?
True
Let i(k) = -k**3 + 3*k**2 - k - 2. Let x be i(2). Suppose -3*q - 1039 - 785 = x. Let y = -417 - q. Is y prime?
True
Suppose -p = -5*j + j - 19, -3*j = 2*p + 17. Let t = j + 6. Let c(f) = 148*f**2 + 2*f - 1. Is c(t) a composite number?
False
Suppose -328*w = -348*w + 646260. Is w composite?
True
Let z = -297 - 79. Let i be (-1)/(z/372 + 1). Suppose i = j - 20. Is j a prime number?
True
Let c = 106 - -435. Is c a prime number?
True
Let i(x) = 43*x**3 